is the units digit of w?
2
Let m = -370 + 574. What is the hundreds digit of m?
2
Suppose 0 = -n + 3*n - 6. Suppose f = -0*q + 2*q + 24, -n*f + 64 = -4*q. What is the units digit of f?
6
Suppose -f - f = -10. Suppose 0 = f*v - 115. What is the tens digit of v?
2
Suppose -f - o + 186 = 2*f, 0 = -4*o. What is the tens digit of f?
6
Let y(r) = 6*r - 9. What is the units digit of y(7)?
3
Let p be (-6)/(-27) - 1066/18. Let t = -37 - p. What is the tens digit of t?
2
Let c = -28 + 42. Let h = 10 + c. What is the tens digit of h?
2
Let p be (-8)/(-12) + (-1)/(-3). Let v(s) = 49*s + 1. What is the tens digit of v(p)?
5
Suppose 4*f - 34 = -3*x, 3*f + 0*f + 5*x = 31. Let k = f - 4. Let p = k + 5. What is the units digit of p?
8
Let i(z) = -z - 2. Let b be i(-7). Suppose 2*m - 5*l + 190 = 7*m, b*m + 2*l - 187 = 0. What is the units digit of m?
7
Let t(k) = 45*k + 1. Let m be t(-1). Let i = -24 - m. What is the tens digit of i?
2
What is the units digit of (-16 + 30)/((-2)/(-4))?
8
Let n be 0/((-1)/1*-2). Let v(h) = h**2 + h + 4. What is the units digit of v(n)?
4
Suppose -427 = -7*p - 98. What is the units digit of p?
7
Let y(k) = -k**2 + 5. Let x be y(0). Suppose 0 = x*r - 20 - 0. Suppose 0 = 3*v + 3*t - 2*t - 36, 45 = 3*v + r*t. What is the tens digit of v?
1
Suppose 2*a - 4 = 4*a. What is the units digit of (-5)/a*(8 - -2)?
5
Suppose 3*a - 70 = -2*a. What is the units digit of a?
4
Suppose 0 = 3*x - 3*l - 30, 2*l - 3 = -9. Let o = 2 + x. What is the units digit of o?
9
Let n(s) = s**3 - 4*s**2 - 7*s + 5. Let r be n(5). Let v = r - 1. Let q = 13 + v. What is the units digit of q?
7
Suppose 2*m = 2 + 4. Suppose 0*l = -m*l + 111. What is the units digit of l?
7
Let w = -11 - -27. Let j be w/(-72) - 274/(-18). Suppose 1 = 4*o - j. What is the units digit of o?
4
What is the hundreds digit of ((5 + -3)/2)/((-1)/(-157))?
1
Let o(f) = -f**3 - 16*f**2 - 2*f + 10. What is the units digit of o(-16)?
2
Suppose -23 = 3*q - 5. Let s(n) = n**2 + 5*n - 3. What is the units digit of s(q)?
3
Suppose -3*t + 10 = 4*o, 0 = -5*o - 4*t + 2*t + 16. Suppose 5*v + 0*v - 3*h - 17 = 0, o = -h. What is the units digit of v?
1
Let u(g) = 4*g**3 - 8*g**2 + 3*g + 9. What is the units digit of u(5)?
4
Let c be 6*(0 - (-2)/(-4)). Let y(d) = -5*d - 3. What is the units digit of y(c)?
2
Suppose -l = 3 + 12. Let y = l + 44. Suppose -11 = -4*r + y. What is the units digit of r?
0
Let q = -11 + 72. What is the units digit of q?
1
Let d = -13 - -214. What is the hundreds digit of d?
2
Suppose 5*j - 35 = 3*l, 5 = -3*l + 4*l. What is the tens digit of j?
1
Let s = 29 + 4. What is the tens digit of s?
3
Suppose -48 = -2*k - 2*k. Suppose 0 = -4*d + k. What is the units digit of d?
3
What is the hundreds digit of (3920/22)/1 + 12/(-66)?
1
What is the units digit of 3 + -3 - (-3 + 1)?
2
Suppose -2*o = -0*o - 22. What is the tens digit of o?
1
Let f = -22 + 34. Let s = 22 - f. Suppose -3*t = -3*a - 24, 0 = -4*a - s - 6. What is the units digit of t?
4
Suppose -2*h = 27 - 121. What is the units digit of h?
7
Let b(i) = -4*i + 3. Let z be b(-4). Let f = z + -8. What is the units digit of f?
1
Suppose -2*n = -4*n + 6. Suppose 2*u = n*u + 1. What is the units digit of (-5)/u + 0 - 1?
4
Suppose -3*r - 2*n + 217 = 0, -72 - 60 = -2*r + 5*n. What is the units digit of r?
1
Suppose 16*v - 6*v - 930 = 0. What is the units digit of v?
3
Let b(p) = 7*p**3 + 4*p**2 - 2*p - 2. Let m(a) = 6*a**3 + 3*a**2 - a - 2. Let z(h) = -3*b(h) + 4*m(h). What is the tens digit of z(2)?
2
Suppose 7*y - 155 = 2*y. What is the tens digit of y?
3
Let m(o) = -o**2 + 14*o + 20. What is the units digit of m(12)?
4
Let q(u) = u - 9. Let l be q(0). Let x(i) = -i**2 - 2 + 2 - 9*i + 8. What is the units digit of x(l)?
8
Let v(w) = w - 9. Suppose k = -2*k + 21. Let o be v(k). What is the tens digit of ((-12)/30)/(o/50)?
1
Let n(f) = 4*f**2 + 2*f. Let m be n(-2). Suppose -y = -g - m, 0 = 3*y + g - 0 - 20. What is the units digit of y?
8
Suppose 3*u + g - 9 = 0, -u - 5*g - 3 = 2*u. Suppose 0 = -4*d - w + 72, w = 2*d - u*d + 34. What is the tens digit of d?
1
Suppose -70 - 35 = -3*q. What is the units digit of q?
5
Let b(m) = m - 3. Let c be b(9). Let o = c + 0. What is the units digit of o?
6
Let d(p) = -p**2 + 9*p - 6. Let n be d(7). Suppose 8 + n = 2*y. What is the units digit of y?
8
Let o = -14 + 13. What is the units digit of o + 4 - (-2 + -5)?
0
Let f(d) = 18*d - 6. Let r(n) = -12*n + 4. Let t(h) = -5*f(h) - 8*r(h). Let s be t(3). Suppose -2*u = 2*u - s. What is the units digit of u?
4
Let a be ((-4)/(-10))/((-2)/(-50)). Suppose -2*l + 0 + a = 0. Let s = 9 - l. What is the units digit of s?
4
Suppose 0 = -s + 3*s + 12. What is the units digit of ((-4)/6)/(4/s)?
1
Let a(u) be the second derivative of -5*u**3/3 - 2*u**2 - 2*u. What is the tens digit of a(-3)?
2
Suppose 4*h = -4*z - 44, -4*h - 4*z = -5*z + 49. Let t = -11 - -7. Let j = t - h. What is the units digit of j?
8
Suppose 17*x - 5281 + 45 = 0. What is the tens digit of x?
0
Suppose t + 2*m = 5*m - 10, 0 = 3*t + m - 10. Suppose -5*o - 3*l + t*l + 63 = 0, -2 = l. What is the units digit of o?
3
Let d be 6/(-2) - (-11 + 7). Let g = 7 - d. What is the units digit of g?
6
Let x(q) = q - 2. What is the units digit of x(6)?
4
Suppose -4*c = 6 - 18. Let p(g) = -6 + c*g - 4*g - g. What is the units digit of p(-6)?
6
Suppose 10 = -0*a + a. Let x = a - 7. What is the units digit of x?
3
Suppose -4 = 4*p - 5*s - 0*s, 2*p + 4*s + 28 = 0. Let q = p + 12. What is the units digit of q?
6
Let k be (-4)/6*81/(-6). Let c = 3 + k. What is the units digit of c?
2
Let u be 1/((-2 - 0)/2). What is the tens digit of 23 - (5 + 3/u)?
2
Let s(t) = -7*t**3 + t**2 - 3*t - 1. What is the units digit of s(-2)?
5
Let z be 9/(-2)*(-4)/(-3). Let n = z + 3. Let g(p) = -2*p + 1. What is the units digit of g(n)?
7
Let y(b) = b**2 + 3*b - 1. Let n be y(-4). Suppose 5*d - 64 = n*d. What is the tens digit of d?
3
What is the tens digit of ((-9)/(-4))/((-13)/(-1248))?
1
Suppose 0 = -2*o - 4*y - 16, 3*o + 3*y + 6 = -3. Suppose o = 3*d - 22. What is the units digit of 4/d - 13/(-2)?
7
Suppose 0 = -4*c + m + 3, 21 = c - 5*m + 6. Suppose 0 = -2*g - c*g + 2. Suppose -5*s + 25 = 3*v, 4 = s - 3*v - g. What is the units digit of s?
5
Let r(p) = 4*p**2 - 2*p + 4. Let w be r(3). Let g = 50 - w. What is the tens digit of g?
1
Let c be (-4)/22 + (-171)/(-33). Suppose 3*j + b - 3*b = 7, c*b + 26 = -j. What is the units digit of 3 + j + (13 - 3)?
2
What is the tens digit of (4 - (-130)/(-6))/(1/(-6))?
0
Let q be 8/(-6)*6/(-4). Let n(i) = 13*i**2 + i - 3*i**q - 1 + i - 3*i. What is the units digit of n(-1)?
0
Let d(j) be the first derivative of -3*j**2/2 + 6*j - 2. Let p be d(7). What is the units digit of -3*p/9 - 0?
5
Let i be 1/5 - 216/30. What is the units digit of (-23)/(-4) + i/(-28)?
6
Suppose -3*a - 215 = -2*z - 3*z, -z + 43 = -4*a. What is the tens digit of z?
4
Let u(a) be the third derivative of a**6/120 + a**5/15 - 7*a**4/24 + 4*a**2. What is the tens digit of u(-5)?
1
Let n = 5 + 125. What is the hundreds digit of n?
1
What is the tens digit of ((-154)/4)/((-1)/4)?
5
Suppose 0 = -3*l + h - 2, 0 = l + 2*l + h - 8. Suppose l = -3*p - 5. Let g(o) = o**3 + 3*o**2 - 2*o - 1. What is the units digit of g(p)?
7
Let l(r) = 2*r**3 - r**2 + 2*r - 1. Let i be l(2). Let a = 27 - i. What is the units digit of a?
2
Let m = 2 - -1. Let w be (-40)/(-6) + (-2)/m. Suppose 0 = -3*j - w + 27. What is the units digit of j?
7
What is the units digit of (-8 - -30) + -3 + 1?
0
Let n be -5*(3 - (-33)/(-15)). Let y be (-134)/n - 2/4. Suppose -s + 4*s = y. What is the units digit of s?
1
Let s(b) = b**3 + 3*b**2 - 3. What is the tens digit of s(2)?
1
What is the units digit of 30/1 + (-12 - -8)?
6
Suppose b + i - 12 = 0, -3*b - 2*i + 37 = -0*i. Suppose -5*n = -4*m + 6, 2*n - n - 3*m + 10 = 0. Suppose -3 = -n*k + b. What is the units digit of k?
8
What is the tens digit of (-2)/(-6) + (-172)/(-6)?
2
Suppose a - 2*w - 10 = 0, 2*a = 4*a + 5*w - 11. Suppose 3*x = t + 4 - 1, 4*t = 2*x + a. Suppose -x - 1 = -y. What is the units digit of y?
3
What is the units digit of (4/6)/(6/(-54)*-1)?
6
Let i be -1 + 3 + (-2 - -4). Suppose -i*j = -x - 88, 3*j - 9 = -5*x + 80. What is the units digit of j?
3
Suppose 3*q + 3*q - 162 = 0. What is the units dig